{"id":3781,"date":"2018-06-18T17:14:51","date_gmt":"2018-06-18T15:14:51","guid":{"rendered":"https:\/\/en.germansuzuki.com\/?page_id=3781"},"modified":"2018-06-21T12:22:35","modified_gmt":"2018-06-21T10:22:35","slug":"privacy-policy-datenschutz","status":"publish","type":"page","link":"https:\/\/en.germansuzuki.com\/?page_id=3781","title":{"rendered":"Privacy Policy &#8211; Datenschutz"},"content":{"rendered":"<h2><span style=\"color: #000080;\"><strong>Datenschutzerkl\u00e4rung<\/strong><\/span><\/h2>\n<p><strong>Verantwortlicher<\/strong> im Sinne der Datenschutz-Grundverordnung, sonstiger in den Mitgliedstaaten der Europ\u00e4ischen Union geltenden Datenschutzgesetze und anderer Bestimmungen mit datenschutzrechtlichem Charakter ist Kerstin Wartberg, Tulpenstr. 19, 59909 BESTWIG (nachfolgend \u201eVerantwortliche\u201c bzw. \u201ewir\u201c oder \u201euns\u201c).<\/p>\n<p>&nbsp;<\/p>\n<h3><span style=\"color: #000080;\"><strong>A. Allgemeines zur Datenverarbeitung<\/strong><\/span><\/h3>\n<h3><strong>1) Personenbezogene Daten<\/strong><\/h3>\n<p>Personenbezogene Daten sind Einzelangaben \u00fcber pers\u00f6nliche oder sachliche Verh\u00e4ltnisse einer bestimmten oder bestimmbaren nat\u00fcrlichen Person. Darunter fallen Informationen wie zum Beispiel Name, Anschrift, Telefonnummer und E-Mail Adresse, aber auch die IP-Adresse, die einem Anschluss zuzuordnen ist. Informationen, die nicht direkt mit der Identit\u00e4t einer Person in Verbindung gebracht werden &#8211; wie zum Beispiel favorisierte Internetpr\u00e4senzen oder Anzahl der Nutzer einer Seite &#8211; sind keine personenbezogenen Daten.<\/p>\n<h3><\/h3>\n<h3>2) Umfang der Verarbeitung personenbezogener Daten<\/h3>\n<p>Wir erheben und verwenden personenbezogene Daten unserer Nutzer grunds\u00e4tzlich nur, soweit dies zur Bereitstellung einer funktionsf\u00e4higen Website sowie unserer Inhalte und Leistungen erforderlich ist. Die Erhebung und Verwendung personenbezogener Daten unserer Nutzer erfolgt regelm\u00e4\u00dfig nur nach Einwilligung des Nutzers. Eine Ausnahme gilt in solchen F\u00e4llen, in denen eine vorherige Einholung einer Einwilligung aus tats\u00e4chlichen Gr\u00fcnden nicht m\u00f6glich ist und die Verarbeitung der Daten durch gesetzliche Vorschriften gestattet ist.<\/p>\n<h3><\/h3>\n<h3>3) Rechtsgrundlage f\u00fcr die Verarbeitung personenbezogener Daten<\/h3>\n<p>Soweit wir f\u00fcr Verarbeitungsvorg\u00e4nge personenbezogener Daten eine Einwilligung der betroffenen Person einholen, dient Art. 6 Abs. 1 lit. a EU-Datenschutzgrundverordnung (DSGVO) als Rechtsgrundlage f\u00fcr die Verarbeitung personenbezogener Daten.<\/p>\n<p>Bei der Verarbeitung von personenbezogenen Daten, die zur Erf\u00fcllung eines Vertrages, dessen Vertragspartei die betroffene Person ist, erforderlich ist, dient Art. 6 Abs. 1 lit. b DSGVO als Rechtsgrundlage. Dies gilt auch f\u00fcr Verarbeitungsvorg\u00e4nge, die zur Durchf\u00fchrung vorvertraglicher Ma\u00dfnahmen erforderlich sind.<\/p>\n<p>Ist die Verarbeitung zur Wahrung eines berechtigten Interesses unseres Unternehmens oder eines Dritten erforderlich und \u00fcberwiegen die Interessen, Grundrechte und Grundfreiheiten des Betroffenen das erstgenannte Interesse nicht, so dient Art. 6 Abs. 1 lit. f DSGVO als Rechtsgrundlage f\u00fcr die Verarbeitung.<\/p>\n<h3><\/h3>\n<h3>4) Datenl\u00f6schung und Speicherdauer<\/h3>\n<p>Die personenbezogenen Daten der betroffenen Person werden gel\u00f6scht oder gesperrt, sobald der Zweck der Speicherung entf\u00e4llt. Eine Speicherung kann dar\u00fcber hinaus dann erfolgen, wenn dies durch den europ\u00e4ischen oder nationalen Gesetzgeber in unionsrechtlichen Verordnungen, Gesetzen oder sonstigen Vorschriften, denen wir unterliegen, vorgesehen wurde. Eine Sperrung oder L\u00f6schung der Daten erfolgt auch dann, wenn eine durch die genannten Normen vorgeschriebene Speicherfrist abl\u00e4uft, es sei denn, dass eine Erforderlichkeit zur weiteren Speicherung der Daten f\u00fcr einen Vertragsabschluss oder eine Vertragserf\u00fcllung besteht.<\/p>\n<h3><span style=\"color: #000080;\"><strong><br \/>\nB. Bereitstellung der Website und Erstellung von Logfiles<\/strong><\/span><\/h3>\n<p>Bei jedem Aufruf unserer Internetseite werden durch ein automatisiertes System Daten und Informationen von uns erfasst.<\/p>\n<p>Folgende Daten werden hierbei erhoben:<\/p>\n<ol>\n<li>Informationen \u00fcber den Browsertyp und die verwendete Version<\/li>\n<li>Das Betriebssystem des Nutzers<\/li>\n<li>Den Internet-Service Provider des Nutzers<\/li>\n<li>Die IP-Adresse des Nutzers<\/li>\n<li>Datum und Uhrzeit des Zugriffs<\/li>\n<li>Webseiten, von denen das System des Nutzers auf unsere Internetseite gelangt (Referrer)<\/li>\n<li>Webseiten, die vom System des Nutzers \u00fcber unsere Webseite aufgerufen werden<\/li>\n<\/ol>\n<p>Diese Daten werden in den Logfiles unseres Systems gespeichert. Eine Speicherung dieser Daten zusammen mit anderen personenbezogenen Daten des Nutzers findet nicht statt<\/p>\n<p>&nbsp;<\/p>\n<h3><strong>Rechtsgrundlage f\u00fcr die Datenverarbeitung<\/strong><\/h3>\n<p>Rechtsgrundlage f\u00fcr die vor\u00fcbergehende Speicherung der Daten und der Logfiles ist Art. 6 Abs. 1 lit. f DSGVO<\/p>\n<h3><\/h3>\n<h3><strong>Zweck der Datenverarbeitung<\/strong><\/h3>\n<p>Die vor\u00fcbergehende Speicherung der IP-Adresse durch das System ist notwendig, um eine Auslieferung der Website an den Rechner des Nutzers zu erm\u00f6glichen. Hierf\u00fcr muss die IP-Adresse des Nutzers f\u00fcr die Dauer der Sitzung gespeichert bleiben.<\/p>\n<p>Die Speicherung in Logfiles erfolgt, um die Funktionsf\u00e4higkeit der Website sicherzustellen. Zudem dienen uns die Daten zur Optimierung der Website und zur Sicherstellung bzw. zur Sicherheit unserer informationstechnischen Systeme.<\/p>\n<p>In diesen Zwecken liegt auch unser berechtigtes Interesse an der Datenverarbeitung nach Art. 6 Abs. 1 lit. f DSGVO.<\/p>\n<p>&nbsp;<\/p>\n<h3>Dauer der Speicherung<\/h3>\n<p>Die Daten werden gel\u00f6scht, sobald sie f\u00fcr die Erreichung des Zweckes ihrer Erhebung nicht mehr erforderlich sind. Im Falle der Erfassung der Daten zur Bereitstellung der Website ist dies der Fall, wenn die jeweilige Sitzung beendet ist.<\/p>\n<p>Im Falle der Speicherung der Daten in Logfiles ist dies nach sp\u00e4testens 30 Tagen der Fall. Eine dar\u00fcber hinausgehende Speicherung ist m\u00f6glich. In diesem Fall werden die IP-Adressen der Nutzer gel\u00f6scht oder verfremdet, sodass eine Zuordnung des aufrufenden Clients nicht mehr m\u00f6glich ist.<\/p>\n<p>&nbsp;<\/p>\n<h3>Widerspruchs- und Beseitigungsm\u00f6glichkeit<\/h3>\n<p>Die Erfassung der Daten zur Bereitstellung der Website und die Speicherung der Daten in Logfiles ist f\u00fcr den Betrieb der Internetseite zwingend erforderlich. Es besteht folglich seitens des Nutzers keine Widerspruchsm\u00f6glichkeit.<\/p>\n<p>&nbsp;<\/p>\n<h3><span style=\"color: #000080;\"><strong>C. <\/strong><\/span><span style=\"color: #000080;\"><strong>Mitgliedschaft Verein<\/strong><\/span><\/h3>\n<p>Sie k\u00f6nnen \u00fcber unsere Internetseite einen Mitgliedsantrag stellen, um in dem Verein Deutsche Suzuki Gesellschaft e.V. \/DSG) Mitglied zu werden. Die Mitgliedschaft kann als F\u00f6rdermitglied oder als Mitglied im Lehrerverband des DSG beantragt werden.<\/p>\n<p>Beim Antrag auf Mitgliedschaft ist der Name, Vorname, Anschrift, E-Mail Adresse und Telefonnummer des Antragstellers ebenso anzugeben wie das Instrument und Unterrichtsorte. Der Mitgliedsantrag ist an die Deutsche Suzuki Gesellschaft e.V., Ankerstrasse 34, 53757 Sankt Augustin (DSG) zu \u00fcbersenden. Die von Ihnen im Mitgliedsantrag angegebenen Daten werden an den DSG \u00fcbermittelt und dort gespeichert.<\/p>\n<p>Im Rahmen des Mitgliedsantrages kann jeder Antragsteller selbst entscheiden, ob seine Daten ver\u00f6ffentlicht werden d\u00fcrfen oder nicht.<\/p>\n<p>Verantwortlicher f\u00fcr die Datenspeicherung der Mitgliedsdaten ist die Deutsche Suzuki Gesellschaft e.V., Ankerstrasse 34, 53757 Sankt Augustin. Bei dieser finden Sie auch weitere Informationen zur Rechtsgrundlage und Dauer der Datenverarbeitung.<\/p>\n<p>&nbsp;<\/p>\n<h3><span style=\"color: #000080;\"><strong>D. Anmeldung zum Kurzreferat<\/strong><\/span><\/h3>\n<p>Sie k\u00f6nnen sich \u00fcber unsere Internetseite auch als Referent f\u00fcr ein Kurzreferat auf einer Konferenz anmelden.<\/p>\n<p>Bei der Anmeldung ist der Name des Teilnehmers und das Instrument anzugeben. Der Antrag ist per E-Mail an die Deutsche Suzuki Gesellschaft e.V. (DSG) zu \u00fcbersenden. Die von Ihnen in dem Antrag angegebenen Daten sowie Ihre E-Mail Adresse werden an den DSG \u00fcbermittelt und dort gespeichert.<\/p>\n<p>Verantwortlicher f\u00fcr die Datenspeicherung der Antragsdaten ist die Deutsche Suzuki Gesellschaft e.V., Ankerstrasse 34, 53757 Sankt Augustin. Bei dieser finden Sie auch weitere Informationen zur Rechtsgrundlage und Dauer der Datenverarbeitung.<\/p>\n<p>&nbsp;<\/p>\n<h3><span style=\"color: #000080;\"><strong>E. Kommentieren von Beitr\u00e4gen<\/strong><\/span><\/h3>\n<p>Jeder Nutzer unserer Internetseite kann bestehende Beitr\u00e4ge auf der Internetseite kommentieren. Zur Abgabe eines Kommentars ist die Angabe eines Namens und einer E-Mail Adresse erforderlich. Der bei der Abgabe des Kommentars angegeben Name wird mit dem Kommentar ver\u00f6ffentlicht. Die E-Mail Adresse wird ausschlie\u00dflich f\u00fcr interner Zwecke gespeichert und nicht ver\u00f6ffentlicht.<\/p>\n<p>Im Zeitpunkt der Abgabe des Kommentars werden zudem die IP-Adresse des Nutzers sowie das Datum und die Uhrzeit der Eingabe gespeichert.<\/p>\n<h3><\/h3>\n<h3><strong>Rechtsgrundlage f\u00fcr die Datenverarbeitung<\/strong><\/h3>\n<p>Rechtsgrundlage f\u00fcr die Verarbeitung der im Kommentarfeld eingegebenen Daten ist Art. 6 Abs. 1 lit. a DSGVO. Rechtsgrundlage f\u00fcr die Verarbeitung der IP-Adresse ist Art. 6 Abs. 1 lit. f DSGVO. Das berechtigte Interesse besteht in der Verfolgung von Eintr\u00e4gen mit rechtwidrigen oder rechtsverletzenden Inhalten.<\/p>\n<p>&nbsp;<\/p>\n<h3><strong>Zweck der Datenverarbeitung<\/strong><\/h3>\n<p>Der im Rahmen des Kommentars angegebene Name dient der Identifizierung eins Kommentars. Die bei der Abgabe des Kommentars angegebene E-Mail Adresse dient uns ebenso wie die erfasste IP-Adresse zur Verfolgung von rechtswidrigen Eintr\u00e4gen oder Inhalten.<\/p>\n<p>&nbsp;<\/p>\n<h3>Dauer der Speicherung<\/h3>\n<p>Die Kommentare bleiben unbegrenzt online. Die E-Mail Adresse wird von uns dauerhaft gespeichert. Die IP-Adresse wird nach Ablauf von 30 Tagen nach Ver\u00f6ffentlichung des Kommentars gel\u00f6scht.<\/p>\n<p>&nbsp;<\/p>\n<h3>Widerspruchs- und Beseitiungsm\u00f6glichkeit<\/h3>\n<p>Als Nutzer haben Sie jederzeit die M\u00f6glichkeit, der Ver\u00f6ffentlichung Ihres Kommentars zu widersprechen bzw. Ihre einmal erteilte Einwilligung zu widerrufen. Zu diesem Zweck wenden Sie sich bitte per E-Mail oder postalisch an uns. Nach erfolgtem Widerspruch bzw. Widerruf der Einwilligung werden wir Ihren Kommentar und alle damit im Zusammenhang stehenden Daten unwiderruflich l\u00f6schen, sofern diese nicht aus Gr\u00fcnden der gesonderten Rechtsverfolgung aufbewahrt werden m\u00fcssen.<\/p>\n<p>&nbsp;<\/p>\n<h3><span style=\"color: #000080;\"><strong>F. <\/strong><\/span><span style=\"color: #000080;\"><strong>Kontaktaufnahme per E-Mail<\/strong><\/span><\/h3>\n<p>\u00dcber unsere Internetseite ist eine Kontaktaufnahme \u00fcber die bereitgestellte E-Mail-Adresse m\u00f6glich. Nehmen Sie \u00fcber per E-Mail mit uns Kontakt auf, wird Ihre E-Mail Adresse und Ihre Nachricht an uns \u00fcbermittelt und von uns gespeichert.<\/p>\n<p>&nbsp;<\/p>\n<h3><strong>Rechtsgrundlage f\u00fcr die Datenverarbeitung<\/strong><\/h3>\n<p>Rechtsgrundlage f\u00fcr die Verarbeitung der Daten, die im Zuge einer \u00dcbersendung einer E-Mail \u00fcbermittelt werden, ist Art. 6 Abs. 1 lit. f DSGVO. Zielt ein E-Mail-Kontakt auf den Abschluss eines Vertrages ab, so ist zus\u00e4tzliche Rechtsgrundlage f\u00fcr die Verarbeitung Art. 6 Abs. 1 lit. b DSGVO.<\/p>\n<p>&nbsp;<\/p>\n<h3><strong>Zweck der Datenverarbeitung<\/strong><\/h3>\n<p>Die Verarbeitung der personenbezogenen Daten aus der E-Mail erfolgt allein zu dem Zweck der Beantwortung Ihrer Anfrage und Ihres Anliegens. Hierin liegt auch das erforderliche berechtigte Interesse an der Verarbeitung der Daten.<\/p>\n<h3><\/h3>\n<h3>Dauer der Speicherung<\/h3>\n<p>Die Daten werden nach Ablauf der handels- und steuerrechtlichen Aufbewahrungspflichten gel\u00f6scht.<\/p>\n<p>&nbsp;<\/p>\n<h3>Widerspruchs- und Beseitigungsm\u00f6glichkeit<\/h3>\n<p>Der Nutzer hat jederzeit die M\u00f6glichkeit, der Speicherung seiner personenbezogenen Daten zu widersprechen. In einem solchen Fall kann die Konversation nicht fortgef\u00fchrt werden. Der Widerruf kann durch \u00dcbersenden einer E-Mail oder durch telefonische oder postalische Kontaktaufnahme mit uns erfolgen. Alle personenbezogenen Daten, die im Zuge der Kontaktaufnahme gespeichert wurden, werden in diesem Fall gel\u00f6scht.<\/p>\n<p>&nbsp;<\/p>\n<h3><span style=\"color: #000080;\"><strong>G. Rechte der betroffenen Person<\/strong><\/span><\/h3>\n<p>Werden personenbezogene Daten von Ihnen verarbeitet, sind Sie Betroffener i.S.d. DS-GVO und es stehen Ihnen folgende Rechte gegen\u00fcber uns (\u201edem Verantwortlichen\u201c) zu:<\/p>\n<p>&nbsp;<\/p>\n<h3><strong>1) Auskunftsrecht<\/strong><\/h3>\n<p>Sie k\u00f6nnen eine Best\u00e4tigung dar\u00fcber verlangen, ob personenbezogene Daten, die Sie betreffen, von uns verarbeitet werden.<\/p>\n<p>Liegt eine solche Verarbeitung vor, k\u00f6nnen Sie von uns \u00fcber folgende Informationen Auskunft verlangen:<\/p>\n<ol>\n<li>die Zwecke, zu denen die personenbezogenen Daten verarbeitet werden;<\/li>\n<li>die Kategorien von personenbezogenen Daten, welche verarbeitet werden;<\/li>\n<li>die Empf\u00e4nger bzw. die Kategorien von Empf\u00e4ngern, gegen\u00fcber denen die Sie betreffenden personenbezogenen Daten offen gelegt wurden oder noch offen gelegt werden;<\/li>\n<li>die geplante Dauer der Speicherung der Sie betreffenden personenbezogenen Daten oder, falls konkrete Angaben hierzu nicht m\u00f6glich sind, Kriterien f\u00fcr die Festlegung der Speicherdauer;<\/li>\n<li>das Bestehen eines Rechts auf Berichtigung oder L\u00f6schung der Sie betreffenden personenbezogenen Daten, eines Rechts auf Einschr\u00e4nkung der Verarbeitung durch uns oder eines Widerspruchsrechts gegen diese Verarbeitung;<\/li>\n<li>das Bestehen eines Beschwerderechts bei einer Aufsichtsbeh\u00f6rde;<\/li>\n<li>alle verf\u00fcgbaren Informationen \u00fcber die Herkunft der Daten, wenn die personenbezogenen Daten nicht bei der betroffenen Person erhoben werden;<\/li>\n<li>das Bestehen einer automatisierten Entscheidungsfindung einschlie\u00dflich Profiling gem\u00e4\u00df Art. 22 Abs. 1 und 4 DS-GVO und \u2013 zumindest in diesen F\u00e4llen \u2013 aussagekr\u00e4ftige Informationen \u00fcber die involvierte Logik sowie die Tragweite und die angestrebten Auswirkungen einer derartigen Verarbeitung f\u00fcr die betroffene Person.<\/li>\n<\/ol>\n<p>Ihnen steht das Recht zu, Auskunft dar\u00fcber zu verlangen, ob die Sie betreffenden personenbezogenen Daten in ein Drittland oder an eine internationale Organisation \u00fcbermittelt werden. In diesem Zusammenhang k\u00f6nnen Sie verlangen, \u00fcber die geeigneten Garantien gem. Art. 46 DS-GVO im Zusammenhang mit der \u00dcbermittlung unterrichtet zu werden.<\/p>\n<p>&nbsp;<\/p>\n<h3><strong>2) Recht auf Berichtigung<\/strong><\/h3>\n<p>Sie haben ein Recht auf Berichtigung und\/oder Vervollst\u00e4ndigung, sofern die verarbeiteten personenbezogenen Daten, die Sie betreffen, unrichtig oder unvollst\u00e4ndig sind. Die Berichtigung ist von uns unverz\u00fcglich vorzunehmen.<\/p>\n<p>&nbsp;<\/p>\n<h3><strong>3) Recht auf L\u00f6schung<\/strong><\/h3>\n<p>3.1) Sie k\u00f6nnen von uns verlangen, dass die Sie betreffenden personenbezogenen Daten unverz\u00fcglich gel\u00f6scht werden, und wir sind verpflichtet, diese Daten unverz\u00fcglich zu l\u00f6schen, sofern einer der folgenden Gr\u00fcnde zutrifft:<\/p>\n<ol>\n<li>Die Sie betreffenden personenbezogenen Daten sind f\u00fcr die Zwecke, f\u00fcr die sie erhoben oder auf sonstige Weise verarbeitet wurden, nicht mehr notwendig.<\/li>\n<li>Sie widerrufen Ihre Einwilligung, auf die sich die Verarbeitung gem. Art. 6 Abs. 1 lit. a oder Art. 9 Abs. 2 lit. a DS-GVO st\u00fctzte, und es fehlt an einer anderweitigen Rechtsgrundlage f\u00fcr die Verarbeitung.<\/li>\n<li>Sie legen gem. Art. 21 Abs. 1 DS-GVO Widerspruch gegen die Verarbeitung ein und es liegen keine vorrangigen berechtigten Gr\u00fcnde f\u00fcr die Verarbeitung vor, oder die Sie legen gem. Art. 21 Abs. 2 DS-GVO Widerspruch gegen die Verarbeitung ein.<\/li>\n<li>Die Sie betreffenden personenbezogenen Daten wurden unrechtm\u00e4\u00dfig verarbeitet.<\/li>\n<li>Die L\u00f6schung der Sie betreffenden personenbezogenen Daten ist zur Erf\u00fcllung einer rechtlichen Verpflichtung nach dem Unionsrecht oder dem Recht der Bundesrepublik Deutschland erforderlich.<\/li>\n<li>Die Sie betreffenden personenbezogenen Daten wurden in Bezug auf angebotene Dienste der Informationsgesellschaft gem\u00e4\u00df Art. 8 Abs. 1 DS-GVO erhoben.<\/li>\n<\/ol>\n<p>3.2) Haben wir die Sie betreffenden personenbezogenen Daten \u00f6ffentlich gemacht und sind wir gem. Art. 17 Abs. 1 DS-GVO zu deren L\u00f6schung verpflichtet, so treffen wir unter Ber\u00fccksichtigung der verf\u00fcgbaren Technologie und der Implementierungskosten angemessene Ma\u00dfnahmen, auch technischer Art, um f\u00fcr die Datenverarbeitung Verantwortliche, die die personenbezogenen Daten verarbeiten, dar\u00fcber zu informieren, dass Sie als betroffene Person von ihnen die L\u00f6schung aller Links zu diesen personenbezogenen Daten oder von Kopien oder Replikationen dieser personenbezogenen Daten verlangt haben.<\/p>\n<p>3.3) Das Recht auf L\u00f6schung besteht nicht, soweit die Verarbeitung erforderlich ist<\/p>\n<ol>\n<li>zur Aus\u00fcbung des Rechts auf freie Meinungs\u00e4u\u00dferung und Information;<\/li>\n<li>zur Erf\u00fcllung einer rechtlichen Verpflichtung, die die Verarbeitung nach dem Recht der Union oder der Bundesrepublik Deutschland erfordert, oder zur Wahrnehmung einer Aufgabe, die im \u00f6ffentlichen Interesse liegt;<\/li>\n<li>aus Gr\u00fcnden des \u00f6ffentlichen Interesses im Bereich der \u00f6ffentlichen Gesundheit gem\u00e4\u00df Art. 9 Abs. 2 lit. h und i sowie Art. 9 Ab. 3 DS-GVO;<\/li>\n<li>f\u00fcr im \u00f6ffentlichen Interesse liegende Archivzwecke, wissenschaftliche oder historische Forschungszwecke oder f\u00fcr statistische Zwecke gem. Art. 89 Abs. 1 DS-GVO, soweit das in Abs. 1 genannte Recht voraussichtlich die Verwirklichung der Ziele dieser Verarbeitung unm\u00f6glich macht oder ernsthaft beeintr\u00e4chtigt, oder<\/li>\n<li>zur Geltendmachung, Aus\u00fcbung oder Verteidigung von Rechtsanspr\u00fcchen.<\/li>\n<\/ol>\n<p>&nbsp;<\/p>\n<h3><strong>4) Recht auf Einschr\u00e4nkung der Verarbeitung<\/strong><\/h3>\n<p>Unter den folgenden Voraussetzungen k\u00f6nnen Sie die Einschr\u00e4nkung der Verarbeitung der Sie betreffenden personenbezogenen Daten verlangen:<\/p>\n<ol>\n<li>wenn Sie die Richtigkeit der Sie betreffenden personenbezogenen f\u00fcr eine Dauer bestreiten, die es uns erm\u00f6glicht, die Richtigkeit der personenbezogenen Daten zu \u00fcberpr\u00fcfen;<\/li>\n<li>die Verarbeitung unrechtm\u00e4\u00dfig ist und Sie die L\u00f6schung der personenbezogenen Daten ablehnen und stattdessen die Einschr\u00e4nkung der Nutzung der personenbezogenen Daten verlangen;<\/li>\n<li>wir die personenbezogenen Daten f\u00fcr die Zwecke der Verarbeitung nicht l\u00e4nger ben\u00f6tigen, Sie diese jedoch zur Geltendmachung, Aus\u00fcbung oder Verteidigung von Rechtsanspr\u00fcchen ben\u00f6tigen, oder<\/li>\n<li>wenn Sie Widerspruch gegen die Verarbeitung gem\u00e4\u00df Art. 21 Abs. 1 DS-GVO eingelegt haben und noch nicht feststeht, ob unsere berechtigten Gr\u00fcnde gegen\u00fcber Ihren Gr\u00fcnden \u00fcberwiegen.<\/li>\n<\/ol>\n<p>Wurde die Verarbeitung der Sie betreffenden personenbezogenen Daten eingeschr\u00e4nkt, d\u00fcrfen diese Daten \u2013 von ihrer Speicherung abgesehen \u2013 nur mit Ihrer Einwilligung oder zur Geltendmachung, Aus\u00fcbung oder Verteidigung von Rechtsanspr\u00fcchen oder zum Schutz der Rechte einer anderen nat\u00fcrlichen oder juristischen Person oder aus Gr\u00fcnden eines wichtigen \u00f6ffentlichen Interesses der Union oder eines Mitgliedstaats verarbeitet werden.<\/p>\n<p>Wurde die Einschr\u00e4nkung der Verarbeitung nach den o.g. Voraussetzungen eingeschr\u00e4nkt, werden Sie von uns unterrichtet, bevor die Einschr\u00e4nkung aufgehoben wird.<\/p>\n<p>&nbsp;<\/p>\n<h3><strong>5) Recht auf Unterrichtung<\/strong><\/h3>\n<p>Haben Sie das Recht auf Berichtigung, L\u00f6schung oder Einschr\u00e4nkung der Verarbeitung geltend gemacht, sind wir verpflichtet, allen Empf\u00e4ngern, denen die Sie betreffenden personenbezogenen Daten offen gelegt wurden, diese Berichtigung oder L\u00f6schung der Daten oder Einschr\u00e4nkung der Verarbeitung mitzuteilen, es sei denn, dies erweist sich als unm\u00f6glich oder ist mit einem unverh\u00e4ltnism\u00e4\u00dfigen Aufwand verbunden.<\/p>\n<p>Ihnen steht ferner das Recht zu, \u00fcber diese Empf\u00e4nger unterrichtet zu werden.<\/p>\n<p>&nbsp;<\/p>\n<h3><strong>6) Recht auf Daten\u00fcbertragbarkeit<\/strong><\/h3>\n<p>Sie haben das das Recht, die Sie betreffenden personenbezogenen Daten, die Sie uns bereitgestellt haben, in einem strukturierten, g\u00e4ngigen und maschinenlesbaren Format zu erhalten. Au\u00dferdem haben Sie das Recht diese Daten einem anderen Verantwortlichen ohne Behinderung durch uns zu \u00fcbermitteln, sofern<\/p>\n<ol>\n<li>die Verarbeitung auf einer Einwilligung gem. Art. 6 Abs. 1 lit. a DS-GVO oder Art. 9 Abs. 2 lit. a DS-GVO oder auf einem Vertrag gem. Art. 6 Abs. 1 lit. b DS-GVO beruht und<\/li>\n<li>die Verarbeitung mithilfe automatisierter Verfahren erfolgt.<\/li>\n<\/ol>\n<p>In Aus\u00fcbung dieses Rechts haben Sie ferner das Recht zu erwirken, dass die Sie betreffenden personenbezogenen Daten direkt von einem Verantwortlichen einem anderen Verantwortlichen \u00fcbermittelt werden, soweit dies technisch machbar ist. Freiheiten und Rechte anderer Personen d\u00fcrfen hierdurch nicht beeintr\u00e4chtigt werden.<\/p>\n<p>Das Recht auf Daten\u00fcbertragbarkeit gilt nicht f\u00fcr eine Verarbeitung personenbezogener Daten, die f\u00fcr die Wahrnehmung einer Aufgabe erforderlich ist, die im \u00f6ffentlichen Interesse liegt.<\/p>\n<p>&nbsp;<\/p>\n<h3><strong>7) Widerspruchsrecht<\/strong><\/h3>\n<p>Sie haben das Recht, aus Gr\u00fcnden, die sich aus ihrer besonderen Situation ergeben, jederzeit gegen die Verarbeitung der Sie betreffenden personenbezogenen Daten, die aufgrund von Art. 6 Abs. 1 lit. e oder f DS-GVO erfolgt, Widerspruch einzulegen; dies gilt auch f\u00fcr ein auf diese Bestimmungen gest\u00fctztes Profiling.<\/p>\n<p>Nach einem Widerspruch verarbeiten wir die Sie betreffenden personenbezogenen Daten nicht mehr, es sei denn, wir k\u00f6nnen zwingende schutzw\u00fcrdige Gr\u00fcnde f\u00fcr die Verarbeitung nachweisen, die Ihren Interessen, Rechten und Freiheiten \u00fcberwiegen, oder die Verarbeitung dient der Geltendmachung, Aus\u00fcbung oder Verteidigung von Rechtsanspr\u00fcchen.<\/p>\n<p>&nbsp;<\/p>\n<h3><strong>8) Recht auf Widerruf der datenschutzrechtlichen Einwilligungserkl\u00e4rung<\/strong><\/h3>\n<p>Sie haben das Recht, Ihre datenschutzrechtliche Einwilligungserkl\u00e4rung jederzeit zu widerrufen. Durch den Widerruf der Einwilligung wird die Rechtm\u00e4\u00dfigkeit der aufgrund der Einwilligung bis zum Widerruf erfolgten Verarbeitung nicht ber\u00fchrt.<\/p>\n<p>&nbsp;<\/p>\n<h3><strong>9) Automatisierte Entscheidung im Einzelfall einschlie\u00dflich Profiling<\/strong><\/h3>\n<p>Sie haben das Recht, nicht einer ausschlie\u00dflich auf einer automatisierten Verarbeitung \u2013 einschlie\u00dflich Profiling \u2013 beruhenden Entscheidung unterworfen zu werden, die Ihnen gegen\u00fcber rechtliche Wirkung entfaltet oder Sie in \u00e4hnlicher Weise erheblich beeintr\u00e4chtigt. Dies gilt nicht, wenn die Entscheidung<\/p>\n<ol>\n<li>f\u00fcr den Abschluss oder die Erf\u00fcllung eines Vertrags zwischen Ihnen und uns erforderlich ist,<\/li>\n<li>aufgrund von Rechtsvorschriften der Union oder der Bundesrepublik Deutschland zul\u00e4ssig ist und diese Rechtsvorschriften angemessene Ma\u00dfnahmen zur Wahrung Ihrer Rechte und Freiheiten sowie Ihrer berechtigten Interessen enthalten oder<\/li>\n<li>mit Ihrer ausdr\u00fccklichen Einwilligung erfolgt.<\/li>\n<\/ol>\n<p>Allerdings d\u00fcrfen diese Entscheidungen nicht auf besonderen Kategorien personenbezogener Daten nach Art. 9 Abs. 1 DS-GVO beruhen, sofern nicht Art. 9 Abs. 2 lit. a oder g gilt und angemessene Ma\u00dfnahmen zum Schutz der Rechte und Freiheiten sowie Ihrer berechtigten Interessen getroffen wurden.<\/p>\n<p>Hinsichtlich der in a. und c. genannten F\u00e4lle trifft der Verantwortliche angemessene Ma\u00dfnahmen, um die Rechte und Freiheiten sowie Ihre berechtigten Interessen zu wahren, wozu mindestens das Recht auf Erwirkung des Eingreifens einer Person seitens des Verantwortlichen, auf Darlegung des eigenen Standpunkts und auf Anfechtung der Entscheidung geh\u00f6rt.<\/p>\n<p>&nbsp;<\/p>\n<h3><strong>10) Recht auf Beschwerde bei einer Aufsichtsbeh\u00f6rde<\/strong><\/h3>\n<p>Unbeschadet eines anderweitigen verwaltungsrechtlichen oder gerichtlichen Rechtsbehelfs steht Ihnen das Recht auf Beschwerde bei einer Aufsichtsbeh\u00f6rde, insbesondere in dem Mitgliedstaat ihres Aufenthaltsorts, ihres Arbeitsplatzes oder des Orts des mutma\u00dflichen Versto\u00dfes, wenn Sie der Ansicht sind, dass die Verarbeitung der Sie betreffenden personenbezogenen Daten gegen die DSGVO verst\u00f6\u00dft.<\/p>\n","protected":false},"excerpt":{"rendered":"<p>Datenschutzerkl\u00e4rung Verantwortlicher im Sinne der Datenschutz-Grundverordnung, sonstiger in den Mitgliedstaaten der Europ\u00e4ischen Union geltenden Datenschutzgesetze und anderer Bestimmungen mit datenschutzrechtlichem Charakter ist Kerstin Wartberg, Tulpenstr. 19, 59909 BESTWIG (nachfolgend \u201eVerantwortliche\u201c&#8230;<\/p>\n","protected":false},"author":1,"featured_media":0,"parent":0,"menu_order":0,"comment_status":"closed","ping_status":"closed","template":"","meta":[],"_links":{"self":[{"href":"https:\/\/en.germansuzuki.com\/index.php?rest_route=\/wp\/v2\/pages\/3781"}],"collection":[{"href":"https:\/\/en.germansuzuki.com\/index.php?rest_route=\/wp\/v2\/pages"}],"about":[{"href":"https:\/\/en.germansuzuki.com\/index.php?rest_route=\/wp\/v2\/types\/page"}],"author":[{"embeddable":true,"href":"https:\/\/en.germansuzuki.com\/index.php?rest_route=\/wp\/v2\/users\/1"}],"replies":[{"embeddable":true,"href":"https:\/\/en.germansuzuki.com\/index.php?rest_route=%2Fwp%2Fv2%2Fcomments&post=3781"}],"version-history":[{"count":4,"href":"https:\/\/en.germansuzuki.com\/index.php?rest_route=\/wp\/v2\/pages\/3781\/revisions"}],"predecessor-version":[{"id":3816,"href":"https:\/\/en.germansuzuki.com\/index.php?rest_route=\/wp\/v2\/pages\/3781\/revisions\/3816"}],"wp:attachment":[{"href":"https:\/\/en.germansuzuki.com\/index.php?rest_route=%2Fwp%2Fv2%2Fmedia&parent=3781"}],"curies":[{"name":"wp","href":"https:\/\/api.w.org\/{rel}","templated":true}]}}